[INFO] cloning repository https://github.com/natelust/regenerate
[INFO] running `Command { std: "git" "-c" "credential.helper=" "-c" "credential.helper=/workspace/cargo-home/bin/git-credential-null" "clone" "--bare" "https://github.com/natelust/regenerate" "/workspace/cache/git-repos/https%3A%2F%2Fgithub.com%2Fnatelust%2Fregenerate", kill_on_drop: false }`
[INFO] [stderr] Cloning into bare repository '/workspace/cache/git-repos/https%3A%2F%2Fgithub.com%2Fnatelust%2Fregenerate'...
[INFO] running `Command { std: "git" "rev-parse" "HEAD", kill_on_drop: false }`
[INFO] [stdout] 053fd29675ef4d20dd1a5b37cbe1dcb28de707f8
[INFO] checking natelust/regenerate against master#af3c6e733a40e671550e0f0f5aeecaa13772ba56 for pr-74989
[INFO] running `Command { std: "git" "clone" "/workspace/cache/git-repos/https%3A%2F%2Fgithub.com%2Fnatelust%2Fregenerate" "/workspace/builds/worker-0/source", kill_on_drop: false }`
[INFO] [stderr] Cloning into '/workspace/builds/worker-0/source'...
[INFO] [stderr] done.
[INFO] validating manifest of git repo https://github.com/natelust/regenerate on toolchain af3c6e733a40e671550e0f0f5aeecaa13772ba56
[INFO] running `Command { std: "/workspace/cargo-home/bin/cargo" "+af3c6e733a40e671550e0f0f5aeecaa13772ba56" "read-manifest" "--manifest-path" "Cargo.toml", kill_on_drop: false }`
[INFO] started tweaking git repo https://github.com/natelust/regenerate
[INFO] removed path dependency reups from git repo https://github.com/natelust/regenerate
[INFO] finished tweaking git repo https://github.com/natelust/regenerate
[INFO] tweaked toml for git repo https://github.com/natelust/regenerate written to /workspace/builds/worker-0/source/Cargo.toml
[INFO] crate git repo https://github.com/natelust/regenerate already has a lockfile, it will not be regenerated
[INFO] running `Command { std: "/workspace/cargo-home/bin/cargo" "+af3c6e733a40e671550e0f0f5aeecaa13772ba56" "fetch" "--locked" "--manifest-path" "Cargo.toml", kill_on_drop: false }`
[INFO] [stderr] warning: dependency (reups) specified without providing a local path, Git repository, or version to use. This will be considered an error in future versions
[INFO] [stderr]     Blocking waiting for file lock on package cache
[INFO] [stderr]     Updating crates.io index
[INFO] [stderr] error: the lock file /workspace/builds/worker-0/source/Cargo.lock needs to be updated but --locked was passed to prevent this
[INFO] [stderr] If you want to try to generate the lock file without accessing the network, use the --offline flag.
[INFO] the lockfile is outdated, regenerating it
[INFO] running `Command { std: "/workspace/cargo-home/bin/cargo" "+af3c6e733a40e671550e0f0f5aeecaa13772ba56" "generate-lockfile" "--manifest-path" "Cargo.toml" "-Zno-index-update", kill_on_drop: false }`
[INFO] running `Command { std: "/workspace/cargo-home/bin/cargo" "+af3c6e733a40e671550e0f0f5aeecaa13772ba56" "fetch" "--locked" "--manifest-path" "Cargo.toml", kill_on_drop: false }`
[INFO] [stderr] warning: dependency (reups) specified without providing a local path, Git repository, or version to use. This will be considered an error in future versions
[INFO] running `Command { std: "docker" "create" "-v" "/var/lib/crater-agent-workspace/builds/worker-0/target:/opt/rustwide/target:rw,Z" "-v" "/var/lib/crater-agent-workspace/builds/worker-0/source:/opt/rustwide/workdir:ro,Z" "-v" "/var/lib/crater-agent-workspace/cargo-home:/opt/rustwide/cargo-home:ro,Z" "-v" "/var/lib/crater-agent-workspace/rustup-home:/opt/rustwide/rustup-home:ro,Z" "-e" "SOURCE_DIR=/opt/rustwide/workdir" "-e" "CARGO_TARGET_DIR=/opt/rustwide/target" "-e" "CARGO_HOME=/opt/rustwide/cargo-home" "-e" "RUSTUP_HOME=/opt/rustwide/rustup-home" "-w" "/opt/rustwide/workdir" "-m" "1610612736" "--user" "0:0" "--network" "none" "rustops/crates-build-env@sha256:d92eaeed33fa75130ca1ee6c8a01d1ffb62bac859dfdfb3450e3e5d1c0146529" "/opt/rustwide/cargo-home/bin/cargo" "+af3c6e733a40e671550e0f0f5aeecaa13772ba56" "metadata" "--no-deps" "--format-version=1", kill_on_drop: false }`
[INFO] [stdout] 9f063111a3b58991ef0987108fe3a5d0ff935945ed00636c57a02f0f2a874eaf
[INFO] [stderr] WARNING: Your kernel does not support swap limit capabilities or the cgroup is not mounted. Memory limited without swap.
[INFO] running `Command { std: "docker" "start" "-a" "9f063111a3b58991ef0987108fe3a5d0ff935945ed00636c57a02f0f2a874eaf", kill_on_drop: false }`
[INFO] running `Command { std: "docker" "inspect" "9f063111a3b58991ef0987108fe3a5d0ff935945ed00636c57a02f0f2a874eaf", kill_on_drop: false }`
[INFO] running `Command { std: "docker" "rm" "-f" "9f063111a3b58991ef0987108fe3a5d0ff935945ed00636c57a02f0f2a874eaf", kill_on_drop: false }`
[INFO] [stdout] 9f063111a3b58991ef0987108fe3a5d0ff935945ed00636c57a02f0f2a874eaf
[INFO] running `Command { std: "docker" "create" "-v" "/var/lib/crater-agent-workspace/builds/worker-0/target:/opt/rustwide/target:rw,Z" "-v" "/var/lib/crater-agent-workspace/builds/worker-0/source:/opt/rustwide/workdir:ro,Z" "-v" "/var/lib/crater-agent-workspace/cargo-home:/opt/rustwide/cargo-home:ro,Z" "-v" "/var/lib/crater-agent-workspace/rustup-home:/opt/rustwide/rustup-home:ro,Z" "-e" "SOURCE_DIR=/opt/rustwide/workdir" "-e" "CARGO_TARGET_DIR=/opt/rustwide/target" "-e" "CARGO_INCREMENTAL=0" "-e" "RUST_BACKTRACE=full" "-e" "RUSTFLAGS=--cap-lints=forbid" "-e" "CARGO_HOME=/opt/rustwide/cargo-home" "-e" "RUSTUP_HOME=/opt/rustwide/rustup-home" "-w" "/opt/rustwide/workdir" "-m" "1610612736" "--user" "0:0" "--network" "none" "rustops/crates-build-env@sha256:d92eaeed33fa75130ca1ee6c8a01d1ffb62bac859dfdfb3450e3e5d1c0146529" "/opt/rustwide/cargo-home/bin/cargo" "+af3c6e733a40e671550e0f0f5aeecaa13772ba56" "check" "--frozen" "--all" "--all-targets" "--message-format=json", kill_on_drop: false }`
[INFO] [stdout] 3bfc8185fa0b3cda960b664a3776dd900d7f3fc5b340361c5d7247575e09870b
[INFO] [stderr] WARNING: Your kernel does not support swap limit capabilities or the cgroup is not mounted. Memory limited without swap.
[INFO] running `Command { std: "docker" "start" "-a" "3bfc8185fa0b3cda960b664a3776dd900d7f3fc5b340361c5d7247575e09870b", kill_on_drop: false }`
[INFO] [stderr] warning: dependency (reups) specified without providing a local path, Git repository, or version to use. This will be considered an error in future versions
[INFO] [stderr]     Blocking waiting for file lock on package cache
[INFO] [stderr]    Compiling autocfg v1.0.1
[INFO] [stderr]    Compiling libc v0.2.77
[INFO] [stderr]     Checking cfg-if v0.1.10
[INFO] [stderr]    Compiling unicode-xid v0.2.1
[INFO] [stderr]    Compiling pkg-config v0.3.18
[INFO] [stderr]    Compiling cc v1.0.59
[INFO] [stderr]     Checking lazy_static v1.4.0
[INFO] [stderr]    Compiling serde_derive v1.0.116
[INFO] [stderr]    Compiling serde v1.0.116
[INFO] [stderr]    Compiling log v0.4.11
[INFO] [stderr]    Compiling byteorder v1.3.4
[INFO] [stderr]    Compiling semver-parser v0.7.0
[INFO] [stderr]    Compiling maybe-uninit v2.0.0
[INFO] [stderr]     Checking either v1.6.0
[INFO] [stderr]    Compiling version_check v0.9.2
[INFO] [stderr]    Compiling autocfg v0.1.7
[INFO] [stderr]     Checking fnv v1.0.7
[INFO] [stderr]     Checking matches v0.1.8
[INFO] [stderr]     Checking slab v0.4.2
[INFO] [stderr]     Checking itoa v0.4.6
[INFO] [stderr]    Compiling bitflags v1.2.1
[INFO] [stderr]     Checking adler v0.2.3
[INFO] [stderr]     Checking percent-encoding v1.0.1
[INFO] [stderr]     Checking foreign-types-shared v0.1.1
[INFO] [stderr]    Compiling memchr v2.3.3
[INFO] [stderr]    Compiling ryu v1.0.5
[INFO] [stderr]    Compiling crc32fast v1.2.0
[INFO] [stderr]     Checking openssl-probe v0.1.2
[INFO] [stderr]     Checking object v0.20.0
[INFO] [stderr]    Compiling serde_json v1.0.57
[INFO] [stderr]     Checking rustc-demangle v0.1.16
[INFO] [stderr]     Checking percent-encoding v2.1.0
[INFO] [stderr]     Checking serde v0.9.15
[INFO] [stderr]     Checking ucd-util v0.1.8
[INFO] [stderr]     Checking unicode-width v0.1.8
[INFO] [stderr]     Checking fixedbitset v0.1.9
[INFO] [stderr]     Checking ansi_term v0.11.0
[INFO] [stderr]     Checking linked-hash-map v0.5.3
[INFO] [stderr]     Checking rustc-serialize v0.3.24
[INFO] [stderr]     Checking remove_dir_all v0.5.3
[INFO] [stderr]     Checking fs_extra v1.2.0
[INFO] [stderr]     Checking try_from v0.3.2
[INFO] [stderr]     Checking thread_local v0.3.6
[INFO] [stderr]     Checking lock_api v0.3.4
[INFO] [stderr]     Checking tokio-sync v0.1.8
[INFO] [stderr]     Checking unicode-bidi v0.3.4
[INFO] [stderr]    Compiling semver v0.9.0
[INFO] [stderr]     Checking foreign-types v0.3.2
[INFO] [stderr]    Compiling rust-crypto v0.2.36
[INFO] [stderr]     Checking app_dirs v1.2.1
[INFO] [stderr]    Compiling unicase v2.6.0
[INFO] [stderr]    Compiling error-chain v0.12.4
[INFO] [stderr]     Checking textwrap v0.11.0
[INFO] [stderr]    Compiling crossbeam-utils v0.7.2
[INFO] [stderr]    Compiling memoffset v0.5.5
[INFO] [stderr]    Compiling crossbeam-epoch v0.8.2
[INFO] [stderr]    Compiling miniz_oxide v0.4.2
[INFO] [stderr]    Compiling indexmap v1.6.0
[INFO] [stderr]    Compiling num-traits v0.2.12
[INFO] [stderr]     Checking regex-syntax v0.5.6
[INFO] [stderr]    Compiling rand_chacha v0.1.1
[INFO] [stderr]    Compiling rand_pcg v0.1.2
[INFO] [stderr]    Compiling rand v0.6.5
[INFO] [stderr]    Compiling proc-macro2 v1.0.21
[INFO] [stderr]     Checking petgraph v0.4.13
[INFO] [stderr]     Checking yaml-rust v0.4.4
[INFO] [stderr]     Checking encoding_rs v0.8.24
[INFO] [stderr]     Checking idna v0.1.5
[INFO] [stderr]     Checking idna v0.2.0
[INFO] [stderr]    Compiling rustc_version v0.2.3
[INFO] [stderr]     Checking smallvec v0.6.13
[INFO] [stderr]     Checking aho-corasick v0.6.10
[INFO] [stderr]     Checking base64 v0.10.1
[INFO] [stderr]    Compiling quote v1.0.7
[INFO] [stderr]     Checking iovec v0.1.4
[INFO] [stderr]     Checking num_cpus v1.13.0
[INFO] [stderr]     Checking net2 v0.2.35
[INFO] [stderr]     Checking time v0.1.44
[INFO] [stderr]     Checking rand_os v0.1.3
[INFO] [stderr]     Checking rand v0.4.6
[INFO] [stderr]     Checking atty v0.2.14
[INFO] [stderr]     Checking dirs v1.0.5
[INFO] [stderr]     Checking url v2.1.1
[INFO] [stderr]     Checking url v1.7.2
[INFO] [stderr]    Compiling openssl-sys v0.9.58
[INFO] [stderr]    Compiling libz-sys v1.1.2
[INFO] [stderr]    Compiling curl-sys v0.4.36+curl-7.71.1
[INFO] [stderr]    Compiling libssh2-sys v0.2.19
[INFO] [stderr]    Compiling libgit2-sys v0.7.11
[INFO] [stderr]    Compiling parking_lot_core v0.6.2
[INFO] [stderr]    Compiling parking_lot v0.9.0
[INFO] [stderr]    Compiling hyper v0.12.35
[INFO] [stderr]     Checking bytes v0.4.12
[INFO] [stderr]    Compiling mime_guess v2.0.3
[INFO] [stderr]     Checking futures-cpupool v0.1.8
[INFO] [stderr]    Compiling syn v1.0.41
[INFO] [stderr]     Checking clap v2.33.3
[INFO] [stderr]     Checking flate2 v1.0.17
[INFO] [stderr]     Checking tokio-executor v0.1.10
[INFO] [stderr]     Checking crossbeam-queue v0.2.3
[INFO] [stderr]     Checking regex v0.2.11
[INFO] [stderr]     Checking publicsuffix v1.5.4
[INFO] [stderr]     Checking rand v0.3.23
[INFO] [stderr]     Checking tempdir v0.3.7
[INFO] [stderr]     Checking cookie v0.12.0
[INFO] [stderr]     Checking tokio-current-thread v0.1.7
[INFO] [stderr]     Checking tokio-timer v0.2.13
[INFO] [stderr]     Checking crossbeam-deque v0.7.3
[INFO] [stderr]     Checking http v0.1.21
[INFO] [stderr]     Checking tokio-buf v0.1.1
[INFO] [stderr]     Checking string v0.2.1
[INFO] [stderr]     Checking backtrace v0.3.50
[INFO] [stderr]    Compiling openssl v0.10.30
[INFO] [stderr]    Compiling native-tls v0.2.4
[INFO] [stderr]     Checking num-traits v0.1.43
[INFO] [stderr]     Checking serde_json v0.9.10
[INFO] [stderr]     Checking uuid v0.7.4
[INFO] [stderr]     Checking preferences v1.1.0
[INFO] [stderr]     Checking http-body v0.1.0
[INFO] [stderr]    Compiling synstructure v0.12.4
[INFO] [stderr]    Compiling failure_derive v0.1.8
[INFO] [stderr]     Checking failure v0.1.8
[INFO] [stderr]     Checking serde_urlencoded v0.5.5
[INFO] [stderr]     Checking tokio-io v0.1.13
[INFO] [stderr]     Checking mio v0.6.22
[INFO] [stderr]     Checking tokio-threadpool v0.1.18
[INFO] [stderr]     Checking want v0.2.0
[INFO] [stderr]     Checking reups v0.3.0
[INFO] [stderr]     Checking h2 v0.1.26
[INFO] [stderr]     Checking tokio-reactor v0.1.12
[INFO] [stderr]     Checking cookie_store v0.7.0
[INFO] [stderr]     Checking tokio-tcp v0.1.4
[INFO] [stderr]     Checking tokio v0.1.22
[INFO] [stderr]     Checking hyper-tls v0.3.2
[INFO] [stderr]     Checking reqwest v0.9.24
[INFO] [stderr]     Checking git2 v0.8.0
[INFO] [stderr]     Checking regenerate v0.1.0 (/opt/rustwide/workdir)
[INFO] [stdout] error[E0432]: unresolved import `reups::DBBuilderTrait`
[INFO] [stdout]   --> src/regenerate.rs:10:9
[INFO] [stdout]    |
[INFO] [stdout] 10 | pub use reups::DBBuilderTrait;
[INFO] [stdout]    |         ^^^^^^^^^^^^^^^^^^^^^ no `DBBuilderTrait` in the root
[INFO] [stdout] 
[INFO] [stdout] 
[INFO] [stdout] error[E0433]: failed to resolve: could not find `DBBuilder` in `reups`
[INFO] [stdout]   --> src/main.rs:10:25
[INFO] [stdout]    |
[INFO] [stdout] 10 |     let mut db = reups::DBBuilder::new()
[INFO] [stdout]    |                         ^^^^^^^^^ could not find `DBBuilder` in `reups`
[INFO] [stdout] 
[INFO] [stdout] 
[INFO] [stdout] error[E0425]: cannot find function `setup_table` in crate `reups`
[INFO] [stdout]    --> src/regenerate.rs:281:20
[INFO] [stdout]     |
[INFO] [stdout] 281 |             reups::setup_table(
[INFO] [stdout]     |                    ^^^^^^^^^^^ not found in `reups`
[INFO] [stdout]     |
[INFO] [stdout] help: consider importing this function
[INFO] [stdout]     |
[INFO] [stdout] 1   | use crate::reups::setup::setup_table;
[INFO] [stdout]     |
[INFO] [stdout] 
[INFO] [stdout] 
[INFO] [stdout] error[E0425]: cannot find value `SYSTEM_OS` in crate `reups`
[INFO] [stdout]    --> src/regenerate.rs:286:25
[INFO] [stdout]     |
[INFO] [stdout] 286 |                 &reups::SYSTEM_OS.to_string(),
[INFO] [stdout]     |                         ^^^^^^^^^ not found in `reups`
[INFO] [stdout]     |
[INFO] [stdout] help: consider importing this static
[INFO] [stdout]     |
[INFO] [stdout] 1   | use crate::reups::setup::SYSTEM_OS;
[INFO] [stdout]     |
[INFO] [stdout] 
[INFO] [stdout] 
[INFO] [stdout] error[E0425]: cannot find value `SYSTEM_OS` in crate `reups`
[INFO] [stdout]    --> src/regenerate.rs:318:49
[INFO] [stdout]     |
[INFO] [stdout] 318 |                     format!("FLAVOR={}", reups::SYSTEM_OS),
[INFO] [stdout]     |                                                 ^^^^^^^^^ not found in `reups`
[INFO] [stdout]     |
[INFO] [stdout] help: consider importing this static
[INFO] [stdout]     |
[INFO] [stdout] 1   | use crate::reups::setup::SYSTEM_OS;
[INFO] [stdout]     |
[INFO] [stdout] 
[INFO] [stdout] 
[INFO] [stdout] error[E0422]: cannot find struct, variant or union type `DeclareInputs` in crate `reups`
[INFO] [stdout]    --> src/regenerate.rs:519:38
[INFO] [stdout]     |
[INFO] [stdout] 519 |         let declare_product = reups::DeclareInputs {
[INFO] [stdout]     |                                      ^^^^^^^^^^^^^ not found in `reups`
[INFO] [stdout] 
[INFO] [stdout] 
[INFO] [stdout] error[E0425]: cannot find value `SYSTEM_OS` in crate `reups`
[INFO] [stdout]    --> src/regenerate.rs:525:33
[INFO] [stdout]     |
[INFO] [stdout] 525 |             flavor: Some(reups::SYSTEM_OS),
[INFO] [stdout]     |                                 ^^^^^^^^^ not found in `reups`
[INFO] [stdout]     |
[INFO] [stdout] help: consider importing this static
[INFO] [stdout]     |
[INFO] [stdout] 1   | use crate::reups::setup::SYSTEM_OS;
[INFO] [stdout]     |
[INFO] [stdout] 
[INFO] [stdout] 
[INFO] [stdout] error[E0106]: missing lifetime specifier
[INFO] [stdout]   --> src/regenerate.rs:34:26
[INFO] [stdout]    |
[INFO] [stdout] 34 |     graph: reups::graph::Graph,
[INFO] [stdout]    |                          ^^^^^ expected named lifetime parameter
[INFO] [stdout]    |
[INFO] [stdout] help: consider using the `'a` lifetime
[INFO] [stdout]    |
[INFO] [stdout] 34 |     graph: reups::graph::Graph<'a>,
[INFO] [stdout]    |                          ^^^^^^^^^
[INFO] [stdout] 
[INFO] [stdout] 
[INFO] [stdout] error[E0432]: unresolved import `reups::DBBuilderTrait`
[INFO] [stdout]   --> src/regenerate.rs:10:9
[INFO] [stdout]    |
[INFO] [stdout] 10 | pub use reups::DBBuilderTrait;
[INFO] [stdout]    |         ^^^^^^^^^^^^^^^^^^^^^ no `DBBuilderTrait` in the root
[INFO] [stdout] 
[INFO] [stdout] 
[INFO] [stdout] error: aborting due to 8 previous errors
[INFO] [stdout] 
[INFO] [stdout] 
[INFO] [stdout] Some errors have detailed explanations: E0106, E0422, E0425, E0432, E0433.
[INFO] [stdout] 
[INFO] [stdout] For more information about an error, try `rustc --explain E0106`.
[INFO] [stdout] 
[INFO] [stderr] error: could not compile `regenerate`.
[INFO] [stderr] 
[INFO] [stderr] To learn more, run the command again with --verbose.
[INFO] [stderr] warning: build failed, waiting for other jobs to finish...
[INFO] [stdout] error[E0433]: failed to resolve: could not find `DBBuilder` in `reups`
[INFO] [stdout]   --> src/main.rs:10:25
[INFO] [stdout]    |
[INFO] [stdout] 10 |     let mut db = reups::DBBuilder::new()
[INFO] [stdout]    |                         ^^^^^^^^^ could not find `DBBuilder` in `reups`
[INFO] [stdout] 
[INFO] [stdout] 
[INFO] [stdout] error[E0425]: cannot find function `setup_table` in crate `reups`
[INFO] [stdout]    --> src/regenerate.rs:281:20
[INFO] [stdout]     |
[INFO] [stdout] 281 |             reups::setup_table(
[INFO] [stdout]     |                    ^^^^^^^^^^^ not found in `reups`
[INFO] [stdout]     |
[INFO] [stdout] help: consider importing this function
[INFO] [stdout]     |
[INFO] [stdout] 1   | use crate::reups::setup::setup_table;
[INFO] [stdout]     |
[INFO] [stdout] 
[INFO] [stdout] 
[INFO] [stdout] error[E0425]: cannot find value `SYSTEM_OS` in crate `reups`
[INFO] [stdout]    --> src/regenerate.rs:286:25
[INFO] [stdout]     |
[INFO] [stdout] 286 |                 &reups::SYSTEM_OS.to_string(),
[INFO] [stdout]     |                         ^^^^^^^^^ not found in `reups`
[INFO] [stdout]     |
[INFO] [stdout] help: consider importing this static
[INFO] [stdout]     |
[INFO] [stdout] 1   | use crate::reups::setup::SYSTEM_OS;
[INFO] [stdout]     |
[INFO] [stdout] 
[INFO] [stdout] 
[INFO] [stdout] error[E0425]: cannot find value `SYSTEM_OS` in crate `reups`
[INFO] [stdout]    --> src/regenerate.rs:318:49
[INFO] [stdout]     |
[INFO] [stdout] 318 |                     format!("FLAVOR={}", reups::SYSTEM_OS),
[INFO] [stdout]     |                                                 ^^^^^^^^^ not found in `reups`
[INFO] [stdout]     |
[INFO] [stdout] help: consider importing this static
[INFO] [stdout]     |
[INFO] [stdout] 1   | use crate::reups::setup::SYSTEM_OS;
[INFO] [stdout]     |
[INFO] [stdout] 
[INFO] [stdout] 
[INFO] [stdout] error[E0422]: cannot find struct, variant or union type `DeclareInputs` in crate `reups`
[INFO] [stdout]    --> src/regenerate.rs:519:38
[INFO] [stdout]     |
[INFO] [stdout] 519 |         let declare_product = reups::DeclareInputs {
[INFO] [stdout]     |                                      ^^^^^^^^^^^^^ not found in `reups`
[INFO] [stdout] 
[INFO] [stdout] 
[INFO] [stdout] error[E0425]: cannot find value `SYSTEM_OS` in crate `reups`
[INFO] [stdout]    --> src/regenerate.rs:525:33
[INFO] [stdout]     |
[INFO] [stdout] 525 |             flavor: Some(reups::SYSTEM_OS),
[INFO] [stdout]     |                                 ^^^^^^^^^ not found in `reups`
[INFO] [stdout]     |
[INFO] [stdout] help: consider importing this static
[INFO] [stdout]     |
[INFO] [stdout] 1   | use crate::reups::setup::SYSTEM_OS;
[INFO] [stdout]     |
[INFO] [stdout] 
[INFO] [stdout] 
[INFO] [stdout] error[E0106]: missing lifetime specifier
[INFO] [stdout]   --> src/regenerate.rs:34:26
[INFO] [stdout]    |
[INFO] [stdout] 34 |     graph: reups::graph::Graph,
[INFO] [stdout]    |                          ^^^^^ expected named lifetime parameter
[INFO] [stdout]    |
[INFO] [stdout] help: consider using the `'a` lifetime
[INFO] [stdout]    |
[INFO] [stdout] 34 |     graph: reups::graph::Graph<'a>,
[INFO] [stdout]    |                          ^^^^^^^^^
[INFO] [stdout] 
[INFO] [stdout] 
[INFO] [stdout] error: aborting due to 8 previous errors
[INFO] [stdout] 
[INFO] [stdout] 
[INFO] [stdout] Some errors have detailed explanations: E0106, E0422, E0425, E0432, E0433.
[INFO] [stdout] 
[INFO] [stdout] For more information about an error, try `rustc --explain E0106`.
[INFO] [stdout] 
[INFO] [stderr] error: build failed
[INFO] running `Command { std: "docker" "inspect" "3bfc8185fa0b3cda960b664a3776dd900d7f3fc5b340361c5d7247575e09870b", kill_on_drop: false }`
[INFO] running `Command { std: "docker" "rm" "-f" "3bfc8185fa0b3cda960b664a3776dd900d7f3fc5b340361c5d7247575e09870b", kill_on_drop: false }`
[INFO] [stdout] 3bfc8185fa0b3cda960b664a3776dd900d7f3fc5b340361c5d7247575e09870b
